reatest common factor of 25 and 25?
25
What is the highest common factor of 1809 and 3?
3
What is the highest common divisor of 392 and 336?
56
Calculate the greatest common divisor of 100 and 30125.
25
Calculate the highest common factor of 52 and 36.
4
What is the highest common factor of 13 and 39?
13
Calculate the highest common divisor of 3127 and 59.
59
Calculate the highest common factor of 23 and 2208.
23
Calculate the greatest common factor of 5933 and 17.
17
Calculate the highest common factor of 144 and 9.
9
Calculate the greatest common divisor of 1230 and 9102.
246
What is the highest common factor of 48 and 64?
16
Calculate the greatest common factor of 749 and 14.
7
Calculate the greatest common factor of 22 and 187.
11
What is the highest common factor of 279 and 2201?
31
What is the greatest common divisor of 567 and 735?
21
What is the highest common factor of 85 and 901?
17
Calculate the highest common divisor of 18 and 648.
18
What is the greatest common factor of 155 and 255?
5
What is the highest common divisor of 75 and 3?
3
Calculate the greatest common divisor of 86 and 817.
43
Calculate the greatest common factor of 414 and 162.
18
Calculate the highest common factor of 558 and 9.
9
What is the greatest common divisor of 1872 and 208?
208
Calculate the highest common factor of 3534 and 114.
114
What is the greatest common divisor of 335 and 804?
67
What is the highest common divisor of 39 and 26?
13
What is the greatest common factor of 3 and 426?
3
What is the greatest common factor of 4978 and 76?
38
Calculate the greatest common factor of 5 and 95.
5
What is the highest common factor of 9060 and 10?
10
What is the greatest common divisor of 406 and 2146?
58
Calculate the highest common divisor of 155 and 10.
5
What is the greatest common factor of 104 and 29952?
104
Calculate the highest common divisor of 1045 and 836.
209
Calculate the highest common divisor of 494 and 2014.
38
Calculate the highest common factor of 54 and 44.
2
Calculate the highest common divisor of 8 and 8.
8
Calculate the highest common factor of 925 and 25.
25
What is the greatest common divisor of 15 and 15?
15
What is the highest common divisor of 7 and 1?
1
Calculate the highest common divisor of 42182 and 644.
322
Calculate the greatest common factor of 57 and 304.
19
Calculate the highest common factor of 24 and 16152.
24
Calculate the highest common factor of 6 and 654.
6
Calculate the greatest common divisor of 22 and 1298.
22
Calculate the highest common divisor of 8989 and 89.
89
Calculate the greatest common divisor of 1023 and 837.
93
What is the highest common divisor of 20 and 640?
20
Calculate the greatest common divisor of 4551 and 777.
111
What is the highest common factor of 851 and 37?
37
Calculate the highest common factor of 3 and 1653.
3
What is the greatest common factor of 252 and 432?
36
Calculate the greatest common factor of 78 and 5109.
39
Calculate the greatest common divisor of 356 and 267.
89
Calculate the highest common divisor of 192 and 352.
32
Calculate the greatest common divisor of 9 and 423.
9
Calculate the greatest common factor of 5 and 400.
5
What is the greatest common divisor of 18 and 207?
9
Calculate the highest common divisor of 6 and 402.
6
What is the greatest common factor of 9128 and 56?
56
Calculate the highest common factor of 55 and 25.
5
Calculate the greatest common divisor of 2960 and 280.
40
Calculate the highest common factor of 99 and 165.
33
What is the highest common divisor of 158 and 8?
2
What is the greatest common factor of 1632 and 255?
51
What is the highest common divisor of 10432 and 163?
163
What is the greatest common divisor of 4080 and 34?
34
Calculate the highest common divisor of 112 and 2996.
28
Calculate the greatest common divisor of 75540 and 15.
15
Calculate the highest common factor of 35397 and 138.
69
What is the greatest common divisor of 104 and 23244?
52
Calculate the highest common factor of 16 and 292.
4
Calculate the greatest common divisor of 316 and 158.
158
Calculate the greatest common divisor of 2 and 433.
1
What is the greatest common divisor of 865 and 10?
5
Calculate the highest common divisor of 48 and 4020.
12
Calculate the greatest common factor of 632 and 2449.
79
Calculate the highest common divisor of 4796 and 132.
44
Calculate the greatest common factor of 22 and 506.
22
Calculate the greatest common factor of 342 and 38.
38
Calculate the greatest common factor of 40 and 4060.
20
Calculate the highest common factor of 37 and 9472.
37
Calculate the highest common factor of 462 and 330.
66
What is the highest common divisor of 70 and 65?
5
Calculate the greatest common divisor of 24 and 18.
6
What is the greatest common divisor of 38 and 76?
38
What is the greatest common factor of 10703 and 154?
77
What is the greatest common divisor of 26 and 1313?
13
What is the greatest common divisor of 3768 and 168?
24
Calculate the highest common divisor of 558 and 310.
62
Calculate the highest common factor of 3979 and 2249.
173
Calculate the highest common divisor of 273 and 624.
39
Calculate the highest common divisor of 5640 and 360.
120
Calculate the greatest common divisor of 48 and 336.
48
Calculate the greatest common factor of 182 and 390.
26
What is the greatest common divisor of 297 and 108?
27
What is the greatest common divisor of 12 and 39?
3
What is the highest common factor of 114 and 38?
38
What is the highest common factor of 873 and 1261?
97
Calculate the highest common factor of 4137 and 21.
21
Calculate the greatest common divisor of 10293 and 146.
73
What is the highest common factor of 23 and 437?
23
What is the greatest common factor of 75 and 24000?
75
What is the highest common factor of 1 and 1308?
1
Calculate the greatest common divisor of 57 and 38.
19
What is the greatest common divisor of 88 and 11?
11
Calculate the greatest common factor of 2727 and 15756.
303
What is the highest common divisor of 600 and 440?
40
Calculate the greatest common divisor of 37 and 80919.
37
What is the highest common factor of 89 and 2047?
89
Calculate the highest common factor of 136 and 1700.
68
What is the greatest common factor of 176 and 44?
44
Calculate the greatest common divisor of 4004 and 22.
22
What is the greatest common factor of 248 and 3844?
124
What is the greatest common divisor of 3807 and 18?
9
What is the greatest common factor of 102 and 13311?
51
What is the highest common factor of 4 and 22?
2
What is the highest common divisor of 6 and 63?
3
Calculate the highest common divisor of 16112 and 1520.
304
Calculate the highest common factor of 59 and 531.
59
What is the highest common factor of 700 and 420?
140
Calculate the highest common factor of 141 and 9.
3
Calculate the greatest common factor of 54 and 594.
54
What is the highest common divisor of 9 and 2?
1
Calculate the highest common factor of 240 and 45.
15
What is the greatest common divisor of 43312 and 16?
16
Calculate the greatest common divisor of 143 and 26.
13
Calculate the greatest common factor of 912 and 72.
24
Calculate the greatest common factor of 455 and 91.
91
Calculate the highest common factor of 7564 and 124.
124
Calculate the highest common divisor of 209 and 22.
11
Calculate the highest common factor of 124 and 4.
4
What is the greatest common factor of 7644 and 104?
52
What is the greatest common factor of 2620 and 20?
20
Calculate the greatest common factor of 234 and 45.
9
What is the greatest common factor of 72 and 64?
8
What is the highest common divisor of 1320 and 12?
12
Calculate the greatest common divisor of 966 and 462.
42
Calculate the greatest common factor of 86 and 5504.
86
What is the greatest common divisor of 122 and 1647?
61
What is the greatest common divisor of 126 and 8547?
21
Calculate the highest common factor of 24 and 312.
24
Calculate the highest common factor of 6 and 261.
3
Calculate the highest common divisor of 246 and 574.
82
Calculate the greatest common divisor of 140 and 120.
20
What is the greatest common factor of 4864 and 19?
19
Calculate the greatest common factor of 5202 and 18.
18
What is the highest common divisor of 1975 and 50?
25
Calculate the highest common factor of 7285 and 310.
155
What is 